{"id":31,"date":"2024-11-13T14:18:19","date_gmt":"2024-11-13T14:18:19","guid":{"rendered":"https:\/\/www.mikaelvuorinen.fi\/?page_id=31"},"modified":"2025-03-25T19:38:37","modified_gmt":"2025-03-25T19:38:37","slug":"teemat","status":"publish","type":"page","link":"https:\/\/www.mikaelvuorinen.fi\/?page_id=31","title":{"rendered":"Teemat"},"content":{"rendered":"\n<figure class=\"wp-block-image size-full is-resized\"><img loading=\"lazy\" decoding=\"async\" width=\"960\" height=\"640\" src=\"http:\/\/www.mikaelvuorinen.fi\/wp-content\/uploads\/2024\/11\/file.png\" alt=\"\" class=\"wp-image-81\" style=\"width:1200px;height:auto\" srcset=\"https:\/\/www.mikaelvuorinen.fi\/wp-content\/uploads\/2024\/11\/file.png 960w, https:\/\/www.mikaelvuorinen.fi\/wp-content\/uploads\/2024\/11\/file-300x200.png 300w, https:\/\/www.mikaelvuorinen.fi\/wp-content\/uploads\/2024\/11\/file-768x512.png 768w\" sizes=\"auto, (max-width: 960px) 100vw, 960px\" \/><\/figure>\n\n\n\n<div class=\"wp-block-group alignfull has-contrast-light-background-color has-background has-global-padding is-layout-constrained wp-container-core-group-is-layout-2 wp-block-group-is-layout-constrained\" style=\"margin-top:0;margin-bottom:0;padding-top:var(--wp--preset--spacing--superbspacing-xxlarge);padding-right:var(--wp--preset--spacing--superbspacing-small);padding-bottom:var(--wp--preset--spacing--superbspacing-xxlarge);padding-left:var(--wp--preset--spacing--superbspacing-small)\">\n<div class=\"wp-block-group alignwide has-global-padding is-layout-constrained wp-container-core-group-is-layout-1 wp-block-group-is-layout-constrained\">\n<h2 class=\"wp-block-heading has-text-align-left has-contrast-color has-text-color has-superbfont-xlarge-font-size\"><strong>Katujengit kitkett\u00e4v\u00e4<\/strong><\/h2>\n\n\n\n<p class=\"has-superbfont-small-font-size\" style=\"line-height:1.5\">Ep\u00e4onnistuneesta humanitaarisesta maahanmuuttopolitiikasta on aiheutunut segregaatiota ja sen seurauksena jengiytymist\u00e4. T\u00e4m\u00e4 luo turvattomuutta kaupunkiin. Turvallisuuden lis\u00e4\u00e4miseksi on k\u00e4ytett\u00e4v\u00e4 niin kovia kuin pehmeit\u00e4kin keinoja:<\/p>\n\n\n\n<ul class=\"wp-block-list has-contrast-dark-color has-text-color has-link-color wp-elements-e3d25e2718126a1c6773e05f2da115f1\">\n<li class=\"has-superbfont-small-font-size\" style=\"line-height:1.5\">Poliisin valvontaa kohdennetaan levottomille alueille Turun mallin mukaisesti.<\/li>\n\n\n\n<li class=\"has-superbfont-small-font-size\" style=\"line-height:1.5\">Lains\u00e4\u00e4d\u00e4nn\u00f6ll\u00e4 on varmistettava, ett\u00e4 viranomaisilla on riitt\u00e4v\u00e4t toimivaltuudet puuttua jengirikollisuuteen. T\u00e4m\u00e4n eteen on teht\u00e4v\u00e4 vaikuttamista kansallisesti.<\/li>\n\n\n\n<li class=\"has-superbfont-small-font-size\" style=\"line-height:1.5\">Viranomaisten v\u00e4list\u00e4 yhteisty\u00f6t\u00e4 kehitet\u00e4\u00e4n.<\/li>\n\n\n\n<li class=\"has-superbfont-small-font-size\" style=\"line-height:1.5\">Lis\u00e4t\u00e4\u00e4n resursseja nuorisoty\u00f6h\u00f6n ja ilmaiseen harrastustoimintaan.<\/li>\n\n\n\n<li class=\"has-superbfont-small-font-size\" style=\"line-height:1.5\">On t\u00e4rke\u00e4\u00e4 arvioida kuinka paljon ihmisi\u00e4 voimme integroida Helsinkiin, jotta kaikki ihmiset eri taustoista riippumatta p\u00e4\u00e4sev\u00e4t osaksi yhteiskuntaa. Integraation puutteista aiheutuvat ongelmat eiv\u00e4t ole kenenk\u00e4\u00e4n etu.<\/li>\n<\/ul>\n<\/div>\n<\/div>\n\n\n\n<div class=\"wp-block-group alignfull has-mono-4-background-color has-background has-global-padding is-layout-constrained wp-container-core-group-is-layout-6 wp-block-group-is-layout-constrained\" style=\"margin-top:0;margin-bottom:0;padding-top:var(--wp--preset--spacing--superbspacing-xxlarge);padding-right:var(--wp--preset--spacing--superbspacing-small);padding-bottom:var(--wp--preset--spacing--superbspacing-xxlarge);padding-left:var(--wp--preset--spacing--superbspacing-small)\">\n<div class=\"wp-block-columns alignwide is-layout-flex wp-container-core-columns-is-layout-1 wp-block-columns-is-layout-flex\">\n<div class=\"wp-block-column is-vertically-aligned-center is-layout-flow wp-container-core-column-is-layout-1 wp-block-column-is-layout-flow\" style=\"padding-top:0;padding-right:0;padding-bottom:0;padding-left:0\">\n<div class=\"wp-block-group is-layout-flow wp-container-core-group-is-layout-3 wp-block-group-is-layout-flow\">\n<h2 class=\"wp-block-heading has-text-align-left has-superbfont-xlarge-font-size\"><strong>Kouluihin ty\u00f6rauha<\/strong><\/h2>\n<\/div>\n\n\n\n<p>Kouluille ja sen yhteisty\u00f6viranomaisille tarvitaan lis\u00e4\u00e4 resursseja ja loogisia toimia turvallisen ja rauhallisen oppimisymp\u00e4rist\u00f6n takaamiseksi:<\/p>\n\n\n\n<div class=\"wp-block-group is-layout-flow wp-container-core-group-is-layout-5 wp-block-group-is-layout-flow\">\n<div class=\"wp-block-group has-global-padding is-layout-constrained wp-block-group-is-layout-constrained\">\n<ul style=\"line-height:1.4\" class=\"wp-block-list has-contrast-dark-color has-text-color has-link-color has-superbfont-xsmall-font-size wp-elements-908f621d57c289a651a4fab15ffefc48\">\n<li class=\"has-superbfont-small-font-size\">Puhelinten k\u00e4ytt\u00f6 koulup\u00e4iv\u00e4n aikana on kiellett\u00e4v\u00e4 periaatep\u00e4\u00e4t\u00f6ksell\u00e4 kaikissa Helsingin peruskouluissa. <\/li>\n\n\n\n<li class=\"has-superbfont-small-font-size\">Pienennet\u00e4\u00e4n ryhm\u00e4kokoja kouluissa<\/li>\n\n\n\n<li class=\"has-superbfont-small-font-size\">V\u00e4kivaltaan nollatoleranssi: lainvastaisista teoista tulisi tehd\u00e4\u00e4n aina rikosilmoitus Etel\u00e4-Karjalan mallin mukaisesti, jossa ilmoitus tehd\u00e4\u00e4n my\u00f6s alle 15-vuotiaista.<\/li>\n<\/ul>\n<\/div>\n<\/div>\n<\/div>\n\n\n\n<div class=\"wp-block-column is-vertically-aligned-center is-layout-flow wp-container-core-column-is-layout-2 wp-block-column-is-layout-flow\" style=\"padding-right:0;padding-bottom:0;padding-left:0\">\n<figure class=\"wp-block-image size-large has-custom-border\"><img loading=\"lazy\" decoding=\"async\" width=\"683\" height=\"1024\" src=\"http:\/\/www.mikaelvuorinen.fi\/wp-content\/uploads\/2024\/11\/Kopio-tiedostosta-2O0A0870-683x1024.jpg\" alt=\"\" class=\"wp-image-53\" style=\"border-radius:0px\" srcset=\"https:\/\/www.mikaelvuorinen.fi\/wp-content\/uploads\/2024\/11\/Kopio-tiedostosta-2O0A0870-683x1024.jpg 683w, https:\/\/www.mikaelvuorinen.fi\/wp-content\/uploads\/2024\/11\/Kopio-tiedostosta-2O0A0870-200x300.jpg 200w, https:\/\/www.mikaelvuorinen.fi\/wp-content\/uploads\/2024\/11\/Kopio-tiedostosta-2O0A0870-768x1152.jpg 768w, https:\/\/www.mikaelvuorinen.fi\/wp-content\/uploads\/2024\/11\/Kopio-tiedostosta-2O0A0870-1024x1536.jpg 1024w, https:\/\/www.mikaelvuorinen.fi\/wp-content\/uploads\/2024\/11\/Kopio-tiedostosta-2O0A0870-1365x2048.jpg 1365w, https:\/\/www.mikaelvuorinen.fi\/wp-content\/uploads\/2024\/11\/Kopio-tiedostosta-2O0A0870-scaled.jpg 1707w\" sizes=\"auto, (max-width: 683px) 100vw, 683px\" \/><\/figure>\n<\/div>\n<\/div>\n<\/div>\n\n\n\n<div class=\"wp-block-group alignfull has-mono-4-background-color has-background has-global-padding is-layout-constrained wp-container-core-group-is-layout-7 wp-block-group-is-layout-constrained\" style=\"margin-top:0;margin-bottom:0;padding-top:var(--wp--preset--spacing--superbspacing-xxlarge);padding-right:var(--wp--preset--spacing--superbspacing-small);padding-bottom:var(--wp--preset--spacing--superbspacing-xxlarge);padding-left:var(--wp--preset--spacing--superbspacing-small)\">\n<div class=\"wp-block-columns alignwide is-layout-flex wp-container-core-columns-is-layout-2 wp-block-columns-is-layout-flex\">\n<div class=\"wp-block-column is-vertically-aligned-center is-layout-flow wp-container-core-column-is-layout-3 wp-block-column-is-layout-flow\" style=\"padding-top:0;padding-right:0;padding-bottom:0;padding-left:0\">\n<h2 class=\"wp-block-heading has-text-align-left has-superbfont-xlarge-font-size\">Sujuvampi liikenne<\/h2>\n\n\n\n<p>Helsingin keskustaa n\u00e4ivett\u00e4v\u00e4n autovastaisen politiikan on muututtava. Kaivokadun sulkeminen autoilta on t\u00e4ss\u00e4 kohtaa ennenaikaista, sill\u00e4 vaihtoehtoisia realistisia ratkaisuja ei viel\u00e4 ole. Eri liikennemuotoja ei saa n\u00e4hd\u00e4 toistensa vastakohtina, vaan niit\u00e4 on kehitett\u00e4v\u00e4 rinnakkain:<\/p>\n\n\n\n<ul class=\"wp-block-list\">\n<li class=\"has-superbfont-small-font-size\" style=\"line-height:1.5\">Rakennetaan autoille keskustan alittava tunneli.<\/li>\n\n\n\n<li class=\"has-superbfont-small-font-size\" style=\"line-height:1.5\">Lis\u00e4t\u00e4\u00e4n baanoja ja py\u00f6r\u00e4teit\u00e4<\/li>\n\n\n\n<li class=\"has-superbfont-small-font-size\" style=\"line-height:1.5\">Selvitet\u00e4\u00e4n toisen metrolinjan mahdollisuutta.<\/li>\n<\/ul>\n<\/div>\n\n\n\n<div class=\"wp-block-column is-vertically-aligned-center is-layout-flow wp-container-core-column-is-layout-4 wp-block-column-is-layout-flow\" style=\"padding-right:0;padding-bottom:0;padding-left:0\">\n<figure class=\"wp-block-image size-large has-custom-border\"><img loading=\"lazy\" decoding=\"async\" width=\"683\" height=\"1024\" src=\"http:\/\/www.mikaelvuorinen.fi\/wp-content\/uploads\/2024\/11\/2O0A0515-683x1024.jpg\" alt=\"\" class=\"wp-image-57\" style=\"border-radius:0px\" srcset=\"https:\/\/www.mikaelvuorinen.fi\/wp-content\/uploads\/2024\/11\/2O0A0515-683x1024.jpg 683w, https:\/\/www.mikaelvuorinen.fi\/wp-content\/uploads\/2024\/11\/2O0A0515-200x300.jpg 200w, https:\/\/www.mikaelvuorinen.fi\/wp-content\/uploads\/2024\/11\/2O0A0515-768x1152.jpg 768w, https:\/\/www.mikaelvuorinen.fi\/wp-content\/uploads\/2024\/11\/2O0A0515-1024x1536.jpg 1024w, https:\/\/www.mikaelvuorinen.fi\/wp-content\/uploads\/2024\/11\/2O0A0515-1365x2048.jpg 1365w, https:\/\/www.mikaelvuorinen.fi\/wp-content\/uploads\/2024\/11\/2O0A0515-scaled.jpg 1707w\" sizes=\"auto, (max-width: 683px) 100vw, 683px\" \/><\/figure>\n<\/div>\n<\/div>\n<\/div>\n","protected":false},"excerpt":{"rendered":"<p>Katujengit kitkett\u00e4v\u00e4 Ep\u00e4onnistuneesta humanitaarisesta maahanmuuttopolitiikasta on aiheutunut segregaatiota ja sen seurauksena jengiytymist\u00e4. T\u00e4m\u00e4 luo turvattomuutta kaupunkiin. Turvallisuuden lis\u00e4\u00e4miseksi on k\u00e4ytett\u00e4v\u00e4 niin kovia kuin pehmeit\u00e4kin keinoja: Kouluihin ty\u00f6rauha Kouluille ja sen yhteisty\u00f6viranomaisille tarvitaan lis\u00e4\u00e4 resursseja ja loogisia toimia turvallisen ja rauhallisen oppimisymp\u00e4rist\u00f6n takaamiseksi: Sujuvampi liikenne Helsingin keskustaa n\u00e4ivett\u00e4v\u00e4n autovastaisen politiikan on muututtava. Kaivokadun sulkeminen autoilta on [&hellip;]<\/p>\n","protected":false},"author":1,"featured_media":0,"parent":0,"menu_order":0,"comment_status":"closed","ping_status":"closed","template":"","meta":{"footnotes":""},"class_list":["post-31","page","type-page","status-publish","hentry"],"jetpack_sharing_enabled":true,"_links":{"self":[{"href":"https:\/\/www.mikaelvuorinen.fi\/index.php?rest_route=\/wp\/v2\/pages\/31","targetHints":{"allow":["GET"]}}],"collection":[{"href":"https:\/\/www.mikaelvuorinen.fi\/index.php?rest_route=\/wp\/v2\/pages"}],"about":[{"href":"https:\/\/www.mikaelvuorinen.fi\/index.php?rest_route=\/wp\/v2\/types\/page"}],"author":[{"embeddable":true,"href":"https:\/\/www.mikaelvuorinen.fi\/index.php?rest_route=\/wp\/v2\/users\/1"}],"replies":[{"embeddable":true,"href":"https:\/\/www.mikaelvuorinen.fi\/index.php?rest_route=%2Fwp%2Fv2%2Fcomments&post=31"}],"version-history":[{"count":24,"href":"https:\/\/www.mikaelvuorinen.fi\/index.php?rest_route=\/wp\/v2\/pages\/31\/revisions"}],"predecessor-version":[{"id":265,"href":"https:\/\/www.mikaelvuorinen.fi\/index.php?rest_route=\/wp\/v2\/pages\/31\/revisions\/265"}],"wp:attachment":[{"href":"https:\/\/www.mikaelvuorinen.fi\/index.php?rest_route=%2Fwp%2Fv2%2Fmedia&parent=31"}],"curies":[{"name":"wp","href":"https:\/\/api.w.org\/{rel}","templated":true}]}}

<figure class="wp-block-image size-full is-resized"><img loading="lazy" decoding="async" width="960" height="640" src="http://www.mikaelvuorinen.fi/wp-content/uploads/2024/11/file.png" alt="" class="wp-image-81" style="width:1200px;height:auto" srcset="https://www.mikaelvuorinen.fi/wp-content/uploads/2024/11/file.png 960w, https://www.mikaelvuorinen.fi/wp-content/uploads/2024/11/file-300x200.png 300w, https://www.mikaelvuorinen.fi/wp-content/uploads/2024/11/file-768x512.png 768w" sizes="auto, (max-width: 960px) 100vw, 960px" /></figure>



<div class="wp-block-group alignfull has-contrast-light-background-color has-background has-global-padding is-layout-constrained wp-container-core-group-is-layout-2 wp-block-group-is-layout-constrained" style="margin-top:0;margin-bottom:0;padding-top:var(--wp--preset--spacing--superbspacing-xxlarge);padding-right:var(--wp--preset--spacing--superbspacing-small);padding-bottom:var(--wp--preset--spacing--superbspacing-xxlarge);padding-left:var(--wp--preset--spacing--superbspacing-small)">
<div class="wp-block-group alignwide has-global-padding is-layout-constrained wp-container-core-group-is-layout-1 wp-block-group-is-layout-constrained">
<h2 class="wp-block-heading has-text-align-left has-contrast-color has-text-color has-superbfont-xlarge-font-size"><strong>Katujengit kitkettävä</strong></h2>



<p class="has-superbfont-small-font-size" style="line-height:1.5">Epäonnistuneesta humanitaarisesta maahanmuuttopolitiikasta on aiheutunut segregaatiota ja sen seurauksena jengiytymistä. Tämä luo turvattomuutta kaupunkiin. Turvallisuuden lisäämiseksi on käytettävä niin kovia kuin pehmeitäkin keinoja:</p>



<ul class="wp-block-list has-contrast-dark-color has-text-color has-link-color wp-elements-e3d25e2718126a1c6773e05f2da115f1">
<li class="has-superbfont-small-font-size" style="line-height:1.5">Poliisin valvontaa kohdennetaan levottomille alueille Turun mallin mukaisesti.</li>



<li class="has-superbfont-small-font-size" style="line-height:1.5">Lainsäädännöllä on varmistettava, että viranomaisilla on riittävät toimivaltuudet puuttua jengirikollisuuteen. Tämän eteen on tehtävä vaikuttamista kansallisesti.</li>



<li class="has-superbfont-small-font-size" style="line-height:1.5">Viranomaisten välistä yhteistyötä kehitetään.</li>



<li class="has-superbfont-small-font-size" style="line-height:1.5">Lisätään resursseja nuorisotyöhön ja ilmaiseen harrastustoimintaan.</li>



<li class="has-superbfont-small-font-size" style="line-height:1.5">On tärkeää arvioida kuinka paljon ihmisiä voimme integroida Helsinkiin, jotta kaikki ihmiset eri taustoista riippumatta pääsevät osaksi yhteiskuntaa. Integraation puutteista aiheutuvat ongelmat eivät ole kenenkään etu.</li>
</ul>
</div>
</div>



<div class="wp-block-group alignfull has-mono-4-background-color has-background has-global-padding is-layout-constrained wp-container-core-group-is-layout-6 wp-block-group-is-layout-constrained" style="margin-top:0;margin-bottom:0;padding-top:var(--wp--preset--spacing--superbspacing-xxlarge);padding-right:var(--wp--preset--spacing--superbspacing-small);padding-bottom:var(--wp--preset--spacing--superbspacing-xxlarge);padding-left:var(--wp--preset--spacing--superbspacing-small)">
<div class="wp-block-columns alignwide is-layout-flex wp-container-core-columns-is-layout-1 wp-block-columns-is-layout-flex">
<div class="wp-block-column is-vertically-aligned-center is-layout-flow wp-container-core-column-is-layout-1 wp-block-column-is-layout-flow" style="padding-top:0;padding-right:0;padding-bottom:0;padding-left:0">
<div class="wp-block-group is-layout-flow wp-container-core-group-is-layout-3 wp-block-group-is-layout-flow">
<h2 class="wp-block-heading has-text-align-left has-superbfont-xlarge-font-size"><strong>Kouluihin työrauha</strong></h2>
</div>



<p>Kouluille ja sen yhteistyöviranomaisille tarvitaan lisää resursseja ja loogisia toimia turvallisen ja rauhallisen oppimisympäristön takaamiseksi:</p>



<div class="wp-block-group is-layout-flow wp-container-core-group-is-layout-5 wp-block-group-is-layout-flow">
<div class="wp-block-group has-global-padding is-layout-constrained wp-block-group-is-layout-constrained">
<ul style="line-height:1.4" class="wp-block-list has-contrast-dark-color has-text-color has-link-color has-superbfont-xsmall-font-size wp-elements-908f621d57c289a651a4fab15ffefc48">
<li class="has-superbfont-small-font-size">Puhelinten käyttö koulupäivän aikana on kiellettävä periaatepäätöksellä kaikissa Helsingin peruskouluissa. </li>



<li class="has-superbfont-small-font-size">Pienennetään ryhmäkokoja kouluissa</li>



<li class="has-superbfont-small-font-size">Väkivaltaan nollatoleranssi: lainvastaisista teoista tulisi tehdään aina rikosilmoitus Etelä-Karjalan mallin mukaisesti, jossa ilmoitus tehdään myös alle 15-vuotiaista.</li>
</ul>
</div>
</div>
</div>



<div class="wp-block-column is-vertically-aligned-center is-layout-flow wp-container-core-column-is-layout-2 wp-block-column-is-layout-flow" style="padding-right:0;padding-bottom:0;padding-left:0">
<figure class="wp-block-image size-large has-custom-border"><img loading="lazy" decoding="async" width="683" height="1024" src="http://www.mikaelvuorinen.fi/wp-content/uploads/2024/11/Kopio-tiedostosta-2O0A0870-683x1024.jpg" alt="" class="wp-image-53" style="border-radius:0px" srcset="https://www.mikaelvuorinen.fi/wp-content/uploads/2024/11/Kopio-tiedostosta-2O0A0870-683x1024.jpg 683w, https://www.mikaelvuorinen.fi/wp-content/uploads/2024/11/Kopio-tiedostosta-2O0A0870-200x300.jpg 200w, https://www.mikaelvuorinen.fi/wp-content/uploads/2024/11/Kopio-tiedostosta-2O0A0870-768x1152.jpg 768w, https://www.mikaelvuorinen.fi/wp-content/uploads/2024/11/Kopio-tiedostosta-2O0A0870-1024x1536.jpg 1024w, https://www.mikaelvuorinen.fi/wp-content/uploads/2024/11/Kopio-tiedostosta-2O0A0870-1365x2048.jpg 1365w, https://www.mikaelvuorinen.fi/wp-content/uploads/2024/11/Kopio-tiedostosta-2O0A0870-scaled.jpg 1707w" sizes="auto, (max-width: 683px) 100vw, 683px" /></figure>
</div>
</div>
</div>



<div class="wp-block-group alignfull has-mono-4-background-color has-background has-global-padding is-layout-constrained wp-container-core-group-is-layout-7 wp-block-group-is-layout-constrained" style="margin-top:0;margin-bottom:0;padding-top:var(--wp--preset--spacing--superbspacing-xxlarge);padding-right:var(--wp--preset--spacing--superbspacing-small);padding-bottom:var(--wp--preset--spacing--superbspacing-xxlarge);padding-left:var(--wp--preset--spacing--superbspacing-small)">
<div class="wp-block-columns alignwide is-layout-flex wp-container-core-columns-is-layout-2 wp-block-columns-is-layout-flex">
<div class="wp-block-column is-vertically-aligned-center is-layout-flow wp-container-core-column-is-layout-3 wp-block-column-is-layout-flow" style="padding-top:0;padding-right:0;padding-bottom:0;padding-left:0">
<h2 class="wp-block-heading has-text-align-left has-superbfont-xlarge-font-size">Sujuvampi liikenne</h2>



<p>Helsingin keskustaa näivettävän autovastaisen politiikan on muututtava. Kaivokadun sulkeminen autoilta on tässä kohtaa ennenaikaista, sillä vaihtoehtoisia realistisia ratkaisuja ei vielä ole. Eri liikennemuotoja ei saa nähdä toistensa vastakohtina, vaan niitä on kehitettävä rinnakkain:</p>



<ul class="wp-block-list">
<li class="has-superbfont-small-font-size" style="line-height:1.5">Rakennetaan autoille keskustan alittava tunneli.</li>



<li class="has-superbfont-small-font-size" style="line-height:1.5">Lisätään baanoja ja pyöräteitä</li>



<li class="has-superbfont-small-font-size" style="line-height:1.5">Selvitetään toisen metrolinjan mahdollisuutta.</li>
</ul>
</div>



<div class="wp-block-column is-vertically-aligned-center is-layout-flow wp-container-core-column-is-layout-4 wp-block-column-is-layout-flow" style="padding-right:0;padding-bottom:0;padding-left:0">
<figure class="wp-block-image size-large has-custom-border"><img loading="lazy" decoding="async" width="683" height="1024" src="http://www.mikaelvuorinen.fi/wp-content/uploads/2024/11/2O0A0515-683x1024.jpg" alt="" class="wp-image-57" style="border-radius:0px" srcset="https://www.mikaelvuorinen.fi/wp-content/uploads/2024/11/2O0A0515-683x1024.jpg 683w, https://www.mikaelvuorinen.fi/wp-content/uploads/2024/11/2O0A0515-200x300.jpg 200w, https://www.mikaelvuorinen.fi/wp-content/uploads/2024/11/2O0A0515-768x1152.jpg 768w, https://www.mikaelvuorinen.fi/wp-content/uploads/2024/11/2O0A0515-1024x1536.jpg 1024w, https://www.mikaelvuorinen.fi/wp-content/uploads/2024/11/2O0A0515-1365x2048.jpg 1365w, https://www.mikaelvuorinen.fi/wp-content/uploads/2024/11/2O0A0515-scaled.jpg 1707w" sizes="auto, (max-width: 683px) 100vw, 683px" /></figure>
</div>
</div>
</div>

<p>Katujengit kitkettävä Epäonnistuneesta humanitaarisesta maahanmuuttopolitiikasta on aiheutunut segregaatiota ja sen seurauksena jengiytymistä. Tämä luo turvattomuutta kaupunkiin. Turvallisuuden lisäämiseksi on käytettävä niin kovia kuin pehmeitäkin keinoja: Kouluihin työrauha Kouluille ja sen yhteistyöviranomaisille tarvitaan lisää resursseja ja loogisia toimia turvallisen ja rauhallisen oppimisympäristön takaamiseksi: Sujuvampi liikenne Helsingin keskustaa näivettävän autovastaisen politiikan on muututtava. Kaivokadun sulkeminen autoilta on [&hellip;]</p>
